-6. Suppose l - 14 - z = 0. Suppose -l = -3*m + 5*h + 5, 0 = 2*m + 2*h + 2. What is the units digit of m?
2
Suppose 0 = -0*k - k - 1, 4*k = x - 144. What is the hundreds digit of x?
1
Let m(z) = -z**3 - 1. Let d(a) = 5*a**3 + 4*a**2 - a + 4. Let s(f) = -d(f) - 6*m(f). Let b be s(4). What is the units digit of ((-6)/5)/(b/(-40))?
8
Let d = 2 + -8. Let y = d - -6. Suppose w - 14 = -y*w. What is the tens digit of w?
1
Suppose -j + 5*j = 0. Let u = 5 + j. What is the units digit of u?
5
Suppose w + 710 = 11*w. What is the units digit of w?
1
Let y(z) = z**3 - 10*z**2 - z + 1. Let f be y(10). Let o(u) = -u - 8. Let i be o(f). What is the units digit of (3 - i)*10/4?
5
Let w be (-1)/2 - 11/(-2). Suppose -w*v + 31 = -4*p, p + 5 = 1. Suppose 6*c = v*c + 27. What is the units digit of c?
9
Suppose -20*i + 24*i - 352 = 0. What is the units digit of i?
8
Let l = 7 + -2. Let d(m) = 3*m - 6. What is the units digit of d(l)?
9
What is the tens digit of 1/((-2)/52*-1)?
2
Let o(s) = 2*s**3 + 2*s**2 - s - 2. Let y be o(-2). Let x(f) = -f - 10. Let z be x(y). Let v = z - -3. What is the units digit of v?
1
Let a be (-1 - -2)*(-1 + 4). Suppose -h - 4*t - 8 = 0, -a*t - 4 = 2*h - 3. What is the units digit of h?
4
Let v = -9 + -3. What is the tens digit of (3 - -4)/((-4)/v)?
2
What is the units digit of 13*4*90/72?
5
Let a = -179 + 334. What is the units digit of a?
5
Let g = -13 + 20. Let r(x) = -x + 11. Let n be r(9). Suppose c = -n + g. What is the units digit of c?
5
Let p = 19 + 30. What is the units digit of p?
9
Suppose -3*n = 3*q - 12, 4*q = 5*n - 5 + 30. Suppose -y - 4*p + 3 + q = 0, -4*y + p = -83. Suppose -3*w = 2*w - y. What is the units digit of w?
4
Suppose -2*p + 3*p + 4 = 0. Let m = p + 2. What is the units digit of (-1)/(m - (1 - 2))?
1
Let j(p) = -2*p**2 - 1 - 3*p**2 - 2*p**2 + 2*p**2. Let c be j(1). Let z = 13 + c. What is the units digit of z?
7
Let a be (2 + -1)*(-4)/(-2). Suppose -5*s + 42 = -a*s. What is the units digit of s?
4
Suppose 0 = -5*z - l + 16, 0*z + 28 = 3*z - 4*l. Suppose z = 2*r - r. What is the units digit of r?
4
Let k(n) = -9*n**3 + n**2 - n - 1. Let o be 3/(-9)*1*3. Let d be -2*1/(-2)*o. What is the tens digit of k(d)?
1
Let v = -3 + 5. Suppose x = 5 + v. Suppose 3*h - 3*n - n - x = 0, 0 = 5*h - n - 40. What is the units digit of h?
9
Let v(t) = 16*t - 1. Suppose -2*x = -5*b - 6, -x + 0 = -3*b - 3. Suppose b = 2*p - 1 - 1. What is the tens digit of v(p)?
1
Let r be -1*(4 + (-39)/3). Let w(h) = -h + 10. What is the units digit of w(r)?
1
Suppose -4*s - 12 = -s. Let l(j) = -3*j**2 - 19*j - 4. Let r(h) = -h**2 - 6*h - 1. Let c(o) = -2*l(o) + 7*r(o). What is the units digit of c(s)?
1
Let h = -55 - -80. What is the tens digit of h?
2
Let u(k) = -k**2 + 12*k + 3. Suppose 3*j = f - 18, 0*f - 4*f = -4*j - 80. Let y = f - 10. What is the units digit of u(y)?
4
What is the units digit of (-13)/((-2 - 1)/3)?
3
Suppose -2*y + 4 = -26. Suppose c = 40 - y. Suppose -5*u + c = -0*l + l, -l = -u - 7. What is the units digit of l?
0
Let d(j) = 4*j**2 + 3*j - 2. What is the tens digit of d(2)?
2
Suppose 0 = -4*p - 12, -3*x + 9 = 3*p - 8*p. What is the units digit of 29*1 - (-2 - x)?
9
Suppose v = 22 + 77. What is the units digit of v?
9
Suppose 76 = 5*i - 14. Suppose 2*k - i = -k. What is the units digit of k?
6
Let s(z) = -z**3 + 2*z**2 + 3*z. Let l be s(3). Suppose 3*b - 29 - 1 = l. What is the tens digit of b?
1
What is the units digit of 4/(16/12) + 26?
9
Let g = -18 - -90. What is the units digit of g?
2
Let u(d) = d**2 - d - 2. Suppose -6 = -0*b - 3*b. Suppose 3*k = b*k + 4. What is the tens digit of u(k)?
1
Suppose -j - 45 = -2*j + 4*s, 4*s = -3*j + 151. Suppose -5*q + 7 = 4*m - j, -2*m + q + 42 = 0. What is the tens digit of m?
1
Let r = -26 - -16. Let l be ((-24)/20)/(3/r). Suppose -3*c - j - 1 = 3*j, l*c - 2*j = 6. What is the units digit of c?
1
Suppose -186 = -6*g + 3*g - 4*w, -15 = 5*w. What is the units digit of g?
6
Suppose -2*o + 0 = -68. What is the units digit of o?
4
Let c(y) = y**2. What is the tens digit of c(-4)?
1
Let g be 22/(-12) + (-1)/6. What is the units digit of (g/(-3))/((-8)/(-132))?
1
Let d be (4 + 128)/3 - 0. Let l be 74/(-3) + 4/6. Let q = l + d. What is the tens digit of q?
2
Suppose k - 284 = -4*m + 2*k, 0 = 2*m + k - 148. What is the units digit of m?
2
Suppose 3*m - 12 - 3 = 3*j, -5*m = -j - 17. Suppose -3 = -m*i + 6. What is the units digit of (1/i)/(3/36)?
4
Let t(s) be the third derivative of s**5/60 - s**4/12 + s**3/2 + 5*s**2. What is the tens digit of t(5)?
1
Let w(y) = y**2 - 3*y - 5. Let p be w(-2). Suppose 4*v = -2*x + 86 - 18, -3*v + 184 = p*x. What is the units digit of x?
8
Let o = -4 + 5. Let r be 17 + o + -2 + 0. Let c = r + -3. What is the tens digit of c?
1
Suppose 3*x = -x + 8. Let j be (-2)/(-4) - (-3)/x. What is the units digit of (2 + 1)/(1/j)?
6
Suppose j - 5*g + 23 = 2*j, 41 = 4*j + 3*g. What is the units digit of j?
8
Let j = -37 - -61. What is the tens digit of j?
2
Let j(r) = 1. Let u(t) = -t + 10. Let l(q) = 3*j(q) + u(q). What is the units digit of l(0)?
3
Suppose 0 = 12*p - 11*p + 24. Let z = p + 41. What is the units digit of z?
7
Suppose 4*r - 2*u = 266, 3*u = -5*r - 0*r + 327. What is the units digit of r?
6
Let b(j) = -2*j**3 + 5*j**2 + 4*j + 1. What is the units digit of b(-3)?
8
Suppose 0 = -3*h + 58 + 8. What is the tens digit of h?
2
Suppose 0*u = -5*u. Suppose 3*j - z = 5 + 36, u = -j + 3*z + 19. What is the tens digit of j?
1
Let p = -5 - -1. Let n be p/18 + 116/36. Suppose -24 = -6*q + 2*q - 2*v, -v = -q + n. What is the units digit of q?
5
What is the units digit of (-1)/(-3) + -2 + (-132)/(-9)?
3
Let k(t) = 50*t**2 + 4*t + 13. What is the tens digit of k(-2)?
0
Let v(x) = -x**3 + 3*x**2 + 2. Let p(h) = h**3 - 3*h**2 + h - 1. Let k(i) = -5*p(i) - 6*v(i). What is the tens digit of k(5)?
1
Suppose -20 = -2*z + 2*t, -2*z - 2*z - 3*t = -54. What is the units digit of z/16 + (-87)/(-12)?
8
Suppose 5*n + 7 + 8 = 0, 3*y + 3*n = 0. What is the units digit of -84*((-20)/(-8) - y)?
2
Let x be ((-6)/4 + 2)*-6. Let w be x - 1/((-2)/(-2)). Let n(y) = -y - 1. What is the units digit of n(w)?
3
Let n(h) = -7*h**3 + 2*h**2 - h - 3. What is the tens digit of n(-2)?
6
Suppose 0*g = 4*g + 76. Let z = -9 - g. What is the tens digit of z?
1
Let k = -94 - -32. What is the tens digit of (-2)/(-3) - k/6?
1
What is the units digit of 3 - (-4 - 13)*1?
0
Let q = 107 + -73. What is the units digit of q?
4
Let o = 147 + -94. What is the tens digit of o?
5
Suppose -4*o - 5 - 143 = 5*k, -3*o - 3*k = 111. Let p = o - -65. Suppose a + p = 5*a. What is the units digit of a?
7
Let d = -2 - 2. Let s = -4 - d. Suppose s = -5*k + 39 + 21. What is the tens digit of k?
1
Suppose -4*o = 4 - 28. Suppose 6*m - 3*m - o = 0. Suppose w - m - 11 = 0. What is the tens digit of w?
1
Let i = -49 + -3. What is the tens digit of 0/(-2) - i/4?
1
Let n(c) = -c**2 + 7*c - 7. Let o be n(7). Let q be 3/(-2)*4/(-3). What is the units digit of 1 - q*o/2?
8
Let m(w) = -21*w**3 - w - 1. Let l be m(-1). Suppose l = 3*z - 15. What is the tens digit of z?
1
What is the tens digit of (-78)/(-6) + (-3 - 0)?
1
Let c be (-6)/(-2) + 1 + -2. Suppose -18 = -c*l + 4*r + 6, -2*l - 4 = 3*r. Suppose l*v - 28 = 8. What is the units digit of v?
9
Suppose -12 = -q - 3*q. Suppose 2*h + q = 1. What is the units digit of ((3*h)/(-3))/1?
1
Suppose 5 = m + 1. Suppose m*f - 3 = f. What is the units digit of f?
1
Let b(g) = -3*g + 1 + 2*g - g + g. Suppose 5*n = 2*n - 9. What is the units digit of b(n)?
4
Let s(p) = p**3 + 4*p**2 + 2*p + 2. Suppose -5*h - 2*n = -35, 7 = h + 3*n + 2*n. Suppose -2*k + 1 = h. What is the units digit of s(k)?
5
Let p be (-4 - -2)/(-2)*2. Let k(l) = 0*l + 3*l - 2 + 9 - p*l. What is the units digit of k(-4)?
3
Suppose -29 = 3*a - 11. Let c be a/4*24/(-9). Suppose -k + 21 = c*n, -6*k = -k + 15. What is the units digit of n?
6
Let p(m) = -5*m**2 + m. Let r be p(1). Let g = -4 - r. Let v = g - -2. What is the units digit of v?
2
Suppose -3*b + 14 = -b. What is the units digit of b?
7
Let c be 6/(-3) - -1 - -7. Let v = -2 + c. What is the units digit of v?
4
Let r(u) = 5*u**2 + 3*u - 17. What is the tens digit of r(5)?
2
Let z be ((5 - 4) + 0)*-1. What is the units digit of z - (128/4)/(-2)?
5
Suppose -4*z = -4*v - 528, -